f 110 and x.
22
Suppose -21*h - 12 - 51 = 0. Let p be h + (79 - 4) + -2. What is the highest common divisor of p and 490?
70
Suppose 519*f = -1277*f - 136*f + 404*f + 2525784. Let y = -67 + 124. What is the greatest common divisor of f and y?
57
Let u be -9 + 13/(91/196). Suppose -1394 = 15*j - u*j - 3*r, -4*j = r - 1398. What is the greatest common divisor of 100 and j?
50
Let b(p) = -6*p - 5. Suppose -15*d + 11*d + 8 = 0. Suppose 5*j - 6*j - d = 0. Let v be b(j). What is the greatest common factor of v and 14?
7
Let d be (-4)/12 - ((-129925)/75 - 14). What is the greatest common factor of 144 and d?
18
Suppose 0 = -l + 2*w + 4712, -5*l + 2*w + 23595 = -3*w. Calculate the greatest common divisor of l and 68.
34
Let a(j) = 3*j**2 - 128*j + 824. Let i be a(-49). What is the highest common factor of 362 and i?
181
Suppose -5*y - 131548 = -4*q - 131630, -q - 37 = -4*y. Suppose 4*b = 2*v - 20, -b + 10 = 3*v - v. Calculate the greatest common divisor of y and v.
6
Let c = -12280 - -26750. What is the highest common divisor of 10 and c?
10
Let r = 17 - 15. Suppose 2*x - 4 = -r*d, x = -2*x + 4*d + 6. Suppose x*z = -z + 54. Calculate the highest common divisor of 2 and z.
2
Let x be (-201802)/(-1177) + (-6)/(-11). Let q = -2 + 6. Suppose -x = -q*i + 136. Calculate the highest common divisor of i and 7.
7
Let z = -471 + 423. Let v = 257 + z. What is the greatest common divisor of v and 22?
11
Let f(w) = 8*w**2. Let s be f(1). Let q be (-2 + -2)/((-2)/s). Suppose 14*t + 360 = 388. Calculate the greatest common divisor of t and q.
2
Let u = -17054 - -17166. What is the greatest common factor of u and 525?
7
Suppose -y - 317 = -2*b, 219*b = 217*b + 4*y + 302. Calculate the highest common divisor of 851 and b.
23
Let o(n) = -n**3 + 48*n**2 + 7*n - 309. Let v be o(48). Calculate the highest common factor of 45 and v.
9
Let g(z) = 4*z - 10. Let p be g(13). Let r = 44 - p. Suppose 4*k - 2 - r = 0. What is the highest common divisor of 11 and k?
1
Suppose -859*t = -982*t + 1107. Let p = -30 + 60. Let g be (72/(-10))/((-4)/p). What is the greatest common factor of g and t?
9
Let g be ((-12)/(-18))/((-6)/(-6093)). Suppose -133 = 8*z - g. Calculate the greatest common factor of 238 and z.
34
Let s be (-17)/(-34*10/40). What is the highest common factor of s and 166?
2
Suppose 53 = 14*x + 11. Let v be (-84)/(-56)*(2/x + 2). Calculate the greatest common divisor of 28 and v.
4
Let n = 295 - -6752. Calculate the greatest common factor of n and 1944.
243
Suppose -8*x + 980 = 41*x. Let m be (-2 - 8)*(-3 + 1). What is the highest common divisor of m and x?
20
Let s be (-1 + (6 - 6))*-5. Suppose 0 = -5*o - s*a + 3*a + 859, 163 = o - 4*a. What is the highest common divisor of o and 38?
19
Let h(f) = -f**3 - 15*f**2 - 77*f - 662. Let x be h(-13). Calculate the highest common factor of x and 1024.
1
Suppose -10*q + 6*q = 4*q - 136. Calculate the highest common factor of q and 425.
17
Let j = 405 - 402. Let b be 1 + 26 - (36 + -40) - j. What is the greatest common divisor of b and 504?
28
Suppose r = 2*n - 31, 0 = 2*n - 3*n + 2. Let f(m) = -2*m + 5. Let s be f(r). What is the greatest common factor of 649 and s?
59
Suppose 2*q + 2*l = 4, -2*l - 11 = -4*q - 5*l. Let x = -98 + 131. Let a = x - q. What is the highest common factor of a and 112?
28
Suppose 304 = z + h, -11 = -2*h - 17. Let w = -216 + z. What is the greatest common factor of 49 and w?
7
Let p = 139 + -140. Let c be (88/(-24))/(p/(-144)*-1). What is the highest common factor of 48 and c?
48
Suppose 0 = 257*k - 277*k + 11040. Calculate the highest common factor of k and 168.
24
Suppose -310*w - 3464 = -311*w - 4*z, -3*z = 5*w - 17235. Calculate the greatest common factor of 1596 and w.
84
Suppose -3*q = 4*y - 2096, -5*q - 459 = y - 3924. What is the highest common divisor of q and 12?
4
Let b = 12040 - 12038. Calculate the highest common factor of 454 and b.
2
Let a = 6134 + -5805. Calculate the highest common factor of a and 133.
7
Let r(n) = -n - 1. Let h(a) = 22*a - 30. Let y(c) = h(c) + 10*r(c). Let u be y(6). Calculate the greatest common divisor of 384 and u.
32
Let i be (-132)/(-13 - (-9012)/696). Calculate the highest common factor of 88 and i.
88
Suppose 2*a + 179*a - 36*a = 17690. What is the highest common divisor of 86 and a?
2
Let w(z) = z - 4. Let o be w(6). Let r be (-2)/1*2 - -11. Suppose -3*s + 2*d = -8*s + 65, -o*s + 3*d = -r. Calculate the highest common divisor of 22 and s.
11
Suppose 0 = -4*l + 23*l - 627. Let q be l - -1*(5 + -3). Calculate the greatest common factor of q and 15.
5
Let r(f) = 49*f + 5214. Let t be r(-100). What is the highest common divisor of t and 27946?
314
Suppose 3*s - 10730 = 3*j - 36260, -5*j - 2*s + 42550 = 0. What is the highest common factor of 23 and j?
23
Suppose -5*n - o = -1, 3*n + 6*o + 1 = 5*o. Let m(f) = 3*f**2 + 2*f + 1. Let b be m(n). Suppose 3*p + 66 = 4*p. Calculate the highest common divisor of p and b.
6
Let b be 342 + 0 + 1*-2. Let n = 32767 - 32682. Calculate the highest common factor of n and b.
85
Suppose 0 = z + 2*b - 54, -2*z + 2*b + 83 = b. Suppose z*c + 64 = 48*c. Calculate the highest common factor of 656 and c.
16
Let s be (9 - 8) + (-2 - -4) + 58. Let w be (0 - 4 - s)/(-1). Calculate the greatest common divisor of 143 and w.
13
Suppose -523*v + 66 = -457*v. What is the greatest common factor of v and 227?
1
Let m be 3 + 0 + (1 - -3). Suppose 6*c = m*c - 3. Suppose 2*t + 2*k = 6*k + 58, -t - c*k + 9 = 0. Calculate the greatest common divisor of t and 7.
7
Let p = 13 - -77. Suppose -11*c = -20 - p. Calculate the highest common factor of c and 140.
10
Suppose -3*i + 321 = 2*m, 0 = -m - m - i + 319. Suppose -2*g + 354 = -21 - 103. Let x = g - m. What is the highest common factor of 10 and x?
10
Suppose 1967070 = 92*j + 163*j. What is the highest common divisor of j and 19?
19
Suppose -14*v + 10*v + 30 = -2*r, 4*v - 7*r = 15. What is the highest common divisor of 621 and v?
9
Suppose -19*x + 1063 + 5428 = -4377. Calculate the greatest common divisor of 1287 and x.
143
Let a = 593 - 553. What is the highest common factor of a and 15?
5
Let a(o) = o**2 + 14*o - 12. Let n(m) = -9*m + 7*m - 8 - 2*m - 6*m. Let k be n(1). Let x be a(k). Calculate the highest common factor of 150 and x.
30
Suppose -9*g + 2009 = -1555. Suppose 17*a - g - 675 = 0. What is the greatest common factor of 693 and a?
63
Let j be 6 + 6/(6 - 9). Suppose j = i, -4*k - i + 16 + 8 = 0. What is the greatest common divisor of k and 5?
5
Suppose -3*w + 5 + 85 = 0. Let k = w + 6. Let a = k + -6. What is the highest common divisor of 12 and a?
6
Let t = -12835 + 13186. Calculate the greatest common factor of 1647 and t.
27
Let s = 0 + 6. Suppose 2*b - 649 = 3*l, -2*b - s*l + 5*l + 637 = 0. What is the greatest common divisor of 64 and b?
64
Let t be ((-1)/(-1) - -23) + 1. Let p = 496 - -243. Suppose 2*b = -8, 4*s - p + 55 = -4*b. What is the greatest common factor of s and t?
25
Let i = 50 + -33. Let c(x) = 18 + x + 0*x - 31 + i. Let b be c(10). What is the highest common divisor of 28 and b?
14
Let h be (-162)/(-39) + (-623)/(-91) + -7. Let f be 52*-4*((-10)/h + 2). Calculate the highest common factor of f and 39.
13
Suppose -9*d + 6*d = -345. Let p = -67 + d. Suppose 0 = -2*l + 2 + p. What is the highest common divisor of 175 and l?
25
Let m(t) = t - 17. Let h(g) = 4*g - 50. Let y(n) = 3*h(n) - 10*m(n). Let l be y(9). Let a = -22 + l. Calculate the greatest common factor of 16 and a.
16
Let t be 144/10 + (-2)/5. Let f(o) = o**3 + 8*o**2 - 46*o - 74. Let h be f(-5). What is the greatest common divisor of t and h?
7
Let n be (-2509)/(-579) + (-329)/(-3). Calculate the greatest common divisor of 1254 and n.
114
Let i = -13 - -203. Let c be i/(-57)*(-9 - (-2 - -2)). Calculate the greatest common divisor of c and 80.
10
Suppose b + 11 = 8*k - 4*k, 0 = -b - 3*k + 24. Suppose -7*f + b*f + r - 129 = 0, 3*f - 2*r = 197. What is the greatest common factor of 715 and f?
65
Suppose -278503 = -92*y - 46723 - 8680. Calculate the greatest common factor of 291 and y.
97
Let o be (3 + -13 - -50) + -13. Calculate the highest common divisor of o and 954.
9
Suppose 18*s - 84 = -12. Suppose s*r - 200 = -44. Calculate the greatest common divisor of 208 and r.
13
Let p be 160/(-14)*(-714)/204. What is t